 x.
11
Let k(u) = -3*u - 3. Let j be k(-1). Let y be -3 + 49 - (j + 0). Suppose 51 + y = 2*a + i, 4*a = -i + 197. What are the prime factors of a?
2, 5
Let s(k) = k**2 - 6*k - 187. List the prime factors of s(-26).
3, 5, 43
Suppose 4*m - 2*m + 796 = 2*t, 4*m + 1987 = 5*t. Suppose 5*c - t = -0*x - 2*x, -3*x + 79 = c. What are the prime factors of c?
79
Suppose -j + 10 - 5 = 2*v, 0 = v + j - 3. Suppose -v*n = -22 - 8. List the prime factors of n.
3, 5
Let k = 23 + -6. List the prime factors of (k/2 - 0)*8.
2, 17
Let k(r) be the first derivative of 48*r**3 - 5*r**2/2 + 6*r + 51. List the prime factors of k(1).
5, 29
Let w(j) = -55*j**3 - 22*j**2 - 22*j + 54*j**3 - 3 + 48. List the prime factors of w(-21).
2, 3, 11
Suppose -2*u - 6 = 4*j, 2*u - 1 = -3*j - 3. Suppose -148 = -u*k + k. What are the prime factors of k?
37
Let b be 2/(-2*(-3)/3). Suppose 31 = 5*c + 3*o, 0*c - c - 3*o = b. Let g(p) = p**3 - 9*p**2 + 11*p + 4. What are the prime factors of g(c)?
2, 7
Let d = -6036 - -8697. What are the prime factors of d?
3, 887
Let x(l) = -4*l - 1. Let c(j) = 5*j + 1. Let i(g) = -5*c(g) - 6*x(g). Let y be i(1). Suppose -6 = -q - q, -5*m + 3*q + 61 = y. List the prime factors of m.
2, 7
Let c(s) be the first derivative of 15*s**4/4 + 2*s**3/3 - s**2/2 - 2*s + 8. What are the prime factors of c(2)?
2, 31
Let f be (-3)/24 + 302/(-16). Let d = 138 + f. List the prime factors of d.
7, 17
Let b(p) = -2 - 1 + 8*p**2 - 5 - 8*p - p**3. Let i be b(7). Let y = -13 - i. List the prime factors of y.
2
Let f be (-2)/(-8) - (-5)/((-80)/(-92)). Suppose -4*a - 5*t + 216 = 0, a - f*a - 2*t = -287. List the prime factors of a.
59
Let r = -38 - -35. Let y(s) = 3*s**2 - 5*s - 1. What are the prime factors of y(r)?
41
Suppose 3*d + 108 = 7*d. What are the prime factors of 1587/d + (-6)/(-27)?
59
Suppose 9668 = -0*n + 5*n - 3*z, 3*z = -3. List the prime factors of n.
1933
Let c = -2876 + 4993. List the prime factors of c.
29, 73
Let m = 1660 + -608. List the prime factors of m.
2, 263
Suppose -53*a = -48*a - 75. Suppose a*s - 216 = 11*s. List the prime factors of s.
2, 3
Let r be (-4)/(-9)*-3 - 3482/(-6). Suppose 4*t = 3*v - 6*v + r, -3*v + 588 = t. List the prime factors of v.
197
Let i = 34 - 18. Let w = i + -14. Suppose q - w*q + 3 = 0, q = 2*m - 31. List the prime factors of m.
17
Let w = 31 - 76. List the prime factors of (-2 - w) + 0 + (0 - 3).
2, 5
Let q = 10 + -15. Let g be (-1)/(((-10)/(-36))/q). Suppose 0*u - 4*y = -2*u + g, 3*y = 3*u - 39. List the prime factors of u.
17
List the prime factors of 669/2 - 23/(-46).
5, 67
Let q(d) = d**3 - 17*d**2 - 68*d - 45. List the prime factors of q(23).
5, 313
Let x = -1582 - -2391. What are the prime factors of x?
809
What are the prime factors of 9/(54/(-213))*-18?
3, 71
Suppose -3*w = 9 + 6. Let l(i) = 5*i**2 + 2*i**2 + 4*i**3 - 8*i - 3 - 3*i**3 + 12*i. List the prime factors of l(w).
3
Let v be ((-1)/2 + -2)*2. Let s(f) be the first derivative of -3*f**2/2 - 2*f + 3. What are the prime factors of s(v)?
13
Let k(d) = d**3 - 31*d**2 - 8*d - 36. List the prime factors of k(32).
2, 3, 61
Let w be (2 - (0 - -1))*3. Suppose 5*q - 138 = 3*q - 4*y, 0 = -2*q + w*y + 110. What are the prime factors of q?
61
Suppose 6*j + 0*j = -240. List the prime factors of (j/(-6))/(8/12).
2, 5
Let x = 1058 - 578. List the prime factors of x.
2, 3, 5
Let z = 9 - -11. Suppose -z = -5*s - 0*s. List the prime factors of (-32)/(2/((-8)/s)).
2
Suppose 17*t - 3*t - 11858 = 0. List the prime factors of t.
7, 11
Let q be 50/(-4)*(-80)/8 - -4. List the prime factors of -1*(-1)/(3/q).
43
Let g be (-28155)/(-90) - (-1 - (-10)/12). Suppose -3*w + 3*n + n + g = 0, -314 = -3*w + 5*n. List the prime factors of w.
103
Let a(f) = -6 - 3 - 2*f - 11 + 0*f. Let i be a(0). Let t = 69 + i. What are the prime factors of t?
7
Suppose -54*y + 87366 + 17718 = 0. What are the prime factors of y?
2, 7, 139
Let z be (-220)/(-16) - (-3)/12. Suppose 9*x - z*x = -305. List the prime factors of x.
61
Let y(d) = d + 12. Let c be y(-10). Suppose c*i - 6*i = 4*s + 8, s = 3*i + 14. Suppose 0*n = n - s. What are the prime factors of n?
2
What are the prime factors of ((-2152)/6)/((-16)/24)?
2, 269
Let i be 7/(42/4)*366. Suppose -36 + i = 4*z. What are the prime factors of z?
2, 13
Let o = -6 - -51. Let h = o - 21. List the prime factors of h.
2, 3
Let o = 118 - 172. Let p = o + 94. List the prime factors of p.
2, 5
Suppose -65 = -7*m + 75. What are the prime factors of m?
2, 5
Let m(o) = -o**2 - 6*o + 12. Let t be m(-7). Suppose -31 + 0 = -4*r - t*n, -7 = -4*r + 3*n. List the prime factors of r.
2
Suppose k - z = -4*z, -4*z = -3*k + 26. Suppose k*n = n + 45. Suppose p - 14 = n. What are the prime factors of p?
23
Let c be (3 - 207/(-2))/(1/(-2)). Let o = 393 + c. What are the prime factors of o?
2, 3, 5
Suppose -3*m = q - 11317, 4*m - 69*q - 15088 = -71*q. What are the prime factors of m?
7, 11
Let c be (2 - 5 - -2) + 22. Suppose 0 = -22*l + c*l + 62. List the prime factors of l.
2, 31
Let p(f) = -f**3 + 6*f**2 + 8*f + 17. Suppose 0 = -2*m + m - 5*i + 17, 3*i + 1 = m. What are the prime factors of p(m)?
2, 3
Suppose -676 = 162*i - 164*i. List the prime factors of i.
2, 13
Suppose -2*c - h = -0*h - 1, -2*c = 2*h - 2. Suppose -o - y + 57 = c, 0 = -2*o - 3*y + 72 + 42. List the prime factors of o.
3, 19
Let f be 1*19 + 21/21. Suppose -f*r = -15*r - 120. List the prime factors of r.
2, 3
Let z = 21 + -24. Let j be z - 2/((-2)/21). What are the prime factors of j - (-1 - (0 - 0))?
19
Let q = -1263 + 2411. List the prime factors of q.
2, 7, 41
Let k = -1 - 12. What are the prime factors of 2/k + (9160/52 - -2)?
2, 89
Let q = -596 + 915. List the prime factors of q.
11, 29
Let y(c) = -9*c + 36. Let x be y(-6). Let q = -30 + x. What are the prime factors of q?
2, 3, 5
Suppose 97*n = 102*n - 1845. List the prime factors of n.
3, 41
Suppose q = -q + 4. Let l(w) be the first derivative of 11*w**3/3 + 7*w**2/2 - 9*w - 28. List the prime factors of l(q).
7
Suppose 31*y = -12*y + 12728. List the prime factors of y.
2, 37
Suppose -70 = -4*a - 2*h, -a + 5*a - 67 = -5*h. Let v = -18 - -14. List the prime factors of 0 + a - (-4 - v).
2, 3
Let p(m) = 3*m**2 - 6*m - 29. Let c(t) = t**3 + 11*t**2 - t. Let h be c(-11). What are the prime factors of p(h)?
2, 67
Suppose -437 = -4*u - 61. What are the prime factors of (u/(-8))/(2/(-8))?
47
Let q be ((-48)/(-4))/3 + 296/4. Let g(u) = u**2 - 3*u + 2. Let j be g(2). Suppose j*d - d = -q. What are the prime factors of d?
2, 3, 13
Let g(o) = -o + 64. Let y = -15 + 19. Suppose 0*z + y*z = 0. List the prime factors of g(z).
2
Let u be 3 + (-42)/(-24) - 1/(-4). Suppose -2*g + u*w + 241 = 0, 0 = -0*w + 3*w - 3. What are the prime factors of g?
3, 41
Let y be -2 + 50 + -3 + 0. Suppose 0 = 2*h - y - 137. List the prime factors of h.
7, 13
Suppose 4*b - 5 = 15. Suppose 3*a = -2*q + 286, 3*q - 495 = -b*a - 68. List the prime factors of q.
149
Suppose b = 6*b - 25. Suppose -4 = -m - 0, b*p - 48 = 3*m. Suppose -3*z = z - p, -t + 50 = 2*z. List the prime factors of t.
2, 11
Suppose -20 = -r + 109. Let y = r + -63. List the prime factors of y.
2, 3, 11
Let i(z) = 12*z**2 - 3*z + 1759. What are the prime factors of i(0)?
1759
Let d be (24/15)/(2/(-5)). Let p be 6/d + (-33)/(-6). Suppose 28 = 5*l - p*l. List the prime factors of l.
2, 7
Let z = -53 - -55. Suppose -4*f = z*f - 432. What are the prime factors of f?
2, 3
Let c be 1 + -61 - (1 - 2). Suppose -4*x - 5*x = -882. Let o = x + c. List the prime factors of o.
3, 13
Suppose 6059 = -25*m + 29*m - 5*u, -4*m + 6065 = u. List the prime factors of m.
2, 379
Suppose -5*h - 3 = -2*l, 0*h + 2*l - 1 = 3*h. What are the prime factors of h + (-10)/(-12) + (-21073)/(-78)?
2, 3, 5
Let a(v) = 92*v - 180. What are the prime factors of a(8)?
2, 139
Let i(z) = 23*z - 37. What are the prime factors of i(10)?
193
Let s = 5452 + -3577. List the prime factors of s.
3, 5
What are the prime factors of (-8)/68 + 74574/102?
17, 43
Let z = 20 + -40. Let t = -4 - z. What are the prime factors of t?
2
Let g(a) = a**2 - 3*a + 2. Let b be g(-3). List the prime factors of 2*(1665/b - (-1)/4).
167
Let y(d) = 6*d**2 - 2 + 4*d - 2*d**2 - d. List the prime factors of y(-3).
5
Let k be 10/30 + 196/(-3). Let j = -2 - k. List the prime factors of j.
3, 7
L